 - 4*d**2. Determine r(c).
5
Let p = 129 - 126. Let t(r) be the second derivative of -3*r**2 + 2*r + 1/6*r**p + 0. What is t(5)?
-1
Let p(a) = -a**3 + 10*a**2 - 10*a + 11. Let j be p(9). Suppose -m = -2*m + j. Let s(g) = -3*g + 3. Determine s(m).
-3
Suppose c + 24 = 5*c. Suppose h + 0*h = c. Let f(z) = 2 + 0*z**2 - h + 3*z - z**2. Determine f(3).
-4
Let m(t) = t**3 + 3*t**2 - 3*t - 1. Let p(h) = -h**3 - 2*h**2 + 2*h + 2. Let g(z) = 3*m(z) + 2*p(z). Determine g(-6).
-5
Let n = 7 + 1. Suppose 0 = -5*h + 4*i + n, 4*i - 2 - 2 = 2*h. Let c(z) = -4*z - 5. Let x(w) = 3*w + 5. Let j(m) = 4*c(m) + 5*x(m). Calculate j(h).
1
Suppose 1 = k, -3*k + 8*k - 9 = -4*x. Let i(y) = 5*y**3 + 2*y**2 - y. Give i(x).
6
Let u(h) = -h**3 - 7*h**2 - 5*h - 1. Let k = 7 - 13. Determine u(k).
-7
Let f(i) = i - 13. Let j = 18 + -11. Let c be f(j). Let m(a) be the third derivative of -a**4/24 - 4*a**3/3 + a**2. Determine m(c).
-2
Let d = 1 - -2. Let t(g) = -3*g + 5*g - d*g + 7 - g. Suppose -3*n = 2*n - 10, 3*n - 36 = -5*y. Give t(y).
-5
Let b(r) = r**2 - 1. Let v be 1 - -10*(-1)/2. Let c(g) = -g - 2. Let f be c(v). What is b(f)?
3
Let f(d) = d**2 - 11*d - 17. Let w be f(12). Let a(q) = 5*q**2 - 5*q - 1. Let l(n) = -6*n**2 + 5*n + 1. Let j(b) = -7*a(b) - 6*l(b). What is j(w)?
1
Let j(i) = i**3 + 5*i**2 - 3*i - 7. Let s be 1*2 - 3/(-3). Let g be 1 + -1 + 6 + 2. Suppose s = x + g. Determine j(x).
8
Let o(l) = l**2 - 2*l - 2. Let s be o(4). Let a(v) = -v**3 + 6*v**2 - v - 1. Calculate a(s).
-7
Let x be 51/(-21) - (-16)/(-28). Let c(n) = -2*n**2 - 3*n - 1. Determine c(x).
-10
Let g(b) be the first derivative of 0*b**2 - b - 1 - 1/3*b**3. Calculate g(0).
-1
Let z(r) = 7*r + 4. Let p(x) = -3*x - 2. Let i(h) = 9*p(h) + 4*z(h). Give i(-2).
-4
Let g(d) = -d**3 + 5. Suppose 0 = -2*h - 2*h + 2*m + 6, 5*m - 9 = 2*h. Suppose n = h*n. Calculate g(n).
5
Let p(c) = -c**2 - 4*c - 1. Suppose s + 5*s = 0. Suppose -4*j = -14 + 2. Suppose -j*r - 12 = -s*r. Give p(r).
-1
Let v(q) = -q**3 + 6*q**2 - 3*q. Let t be v(5). Suppose 2*b - 4 = t. Let g(a) = 1 + 2*a - 4*a + b*a. Determine g(1).
6
Suppose r = -3*r. Let i(t) be the first derivative of 2 + 1/2*t**2 + t + 1/3*t**3. What is i(r)?
1
Let c(h) = 5*h. Let m be c(-1). Let o(i) = -i**2 - 6*i. Determine o(m).
5
Let b(n) = -n**3 + n - 9. Let u(r) = r**2 - 1. Let s be (10/(-20))/((-1)/(-2)). Let w be u(s). Determine b(w).
-9
Let v(w) be the second derivative of -w**2 - 1/20*w**5 + 2/3*w**3 + 0 - 2*w - 1/3*w**4. Suppose 6*d - 2*d = l + 5, -3*d = 0. Calculate v(l).
3
Suppose -6*z = -2*z - 12. Suppose -6*o + b = -3*o - 8, -o = -3*b - 8. Let x be (o - 12/9)*z. Let r(l) = -4*l + 1. Determine r(x).
-7
Let q(o) = -o**3 + 4*o**2 - 3*o + 2. Let r be q(3). Suppose -4*k = -5*s + 2, 2*s - r*k = -2*s + 4. Let g(w) = -3 + 2 - 7*w + 7*w - 5*w**s + w**3. What is g(5)?
-1
Let y be -7*2*(-4)/(-8). Let u(n) = n**3 + 7*n**2 + 2*n + 8. What is u(y)?
-6
Let n(m) = -8 - 3*m + 0*m + 2 + 4*m - m**2. Let v be 1/(-3) - (-1)/3. Determine n(v).
-6
Let z(i) = i + 7. Let k be 8/(1/(1 - 2)). Calculate z(k).
-1
Let k(l) = 9*l - 3. Let j be (-3)/(-6) + (-18)/(-4). Let w(r) = -5*r + 2. Let u(i) = j*w(i) + 3*k(i). Let o be -2 - 0 - -1 - 0. What is u(o)?
-1
Let t(s) = 4*s - 1. Let w = 43 + -42. Calculate t(w).
3
Let t(p) be the second derivative of p**5/20 - p**4/3 - 5*p**3/6 - 7*p**2/2 - 44*p. Give t(5).
-7
Let v = -6 + 6. Let o(h) = -h**2 - 3*h - 3. Let i be o(-2). Let k be (-1 - i) + v + 2. Let u(x) = 6*x - 3. Calculate u(k).
9
Suppose 0 = 3*y - 2 - 10. Suppose -n + y*n = 6. Let f(b) = -b**2. What is f(n)?
-4
Let a(f) be the first derivative of -f**7/840 + f**6/60 - f**5/30 - f**4/4 + 4*f**3/3 - 3. Let y(u) be the third derivative of a(u). Give y(5).
-1
Let s = -7 + 3. Let v be -10*(6/s - -1). Let k(w) = -w + 7. Determine k(v).
2
Let w(j) be the second derivative of j**5/20 - j**4/2 - j**3/6 + 5*j**2/2 - 5*j. Determine w(6).
-1
Let i(w) = -3*w**3 + 1. Let q be i(-1). Let r(y) = -2*y + 1 - 3 + q*y. Let u(k) = -k**3 - 4*k**2 - 5*k - 4. Let v be u(-3). Determine r(v).
2
Let c = 1 + 3. Suppose 4*s - 3*s - c = 0. Let i(o) = -o**3 + 5*o**2 - 2*o + 2. Determine i(s).
10
Suppose 3*m - 2*m = 6. Let w(y) = 2*y**2 + 8*y + 9. Let o(d) = 4*d**2 + 15*d + 17. Let k(v) = m*o(v) - 11*w(v). Give k(-2).
7
Let v be 3/(-2) - 39/(-6). Suppose 5 = -5*t, 13 = v*h - 2*t - t. Suppose -20 = -4*p - 2*w, h*p - 2*w - 5 = p. Let d(j) = j - 5. Determine d(p).
0
Let m(h) = -h - 1. Suppose 3*x + 10 = -2*x. Give m(x).
1
Suppose 2*v + 36 = 4*k, 5*k + 3*v - 2 = 21. Let r be k*(1 + (-3)/21). Suppose -4*b = -b + r. Let h(g) = -g**2 - 2*g - 1. What is h(b)?
-1
Let v(m) be the third derivative of 0 - m**3 + 1/60*m**5 + 5/24*m**4 - 2*m**2 + 0*m. Let i = -12 + 7. Calculate v(i).
-6
Let n be (1*-3)/(-2 + 1). Let m(j) = -n*j - 3 + 2 + 2*j - 2*j. Determine m(-2).
5
Let i = -11 - -16. Suppose i*l + 10 + 4 = 2*v, 0 = -3*v - 3*l. Let a(u) = -u**2 + 6*u + 8. Let q(c) = c + 1. Let d(f) = -a(f) + 6*q(f). What is d(v)?
2
Suppose -g - g - 4*h = -16, -2*h = 5*g - 8. Let p(v) = -v**3 + v**2 - v + 1. What is p(g)?
1
Let y(n) be the third derivative of n**5/60 + 5*n**4/24 + n**3 - n**2. Let v be y(-4). Let c(u) = -3*u**2 + 3*u - 2. Calculate c(v).
-8
Let c(z) = -z**2 - 3. Let t be c(0). Let s(b) = -b**2 - 3*b + 3. What is s(t)?
3
Let t = -5 + 7. Let z(h) = -2 - 7*h + h**2 + t*h + 0*h + 6. Calculate z(5).
4
Let y be ((-16)/12)/(4/(-30)). Let k = y - 17. Let l(m) = -m**2 - 7*m + 4. Calculate l(k).
4
Let z(j) = 2*j - 7 - 4 + 3 - 1. What is z(7)?
5
Suppose 4*v = -2*j + 44, v + 0*v - 4*j - 2 = 0. Let l = 10 + -4. Let d = l - v. Let a(t) = t. What is a(d)?
-4
Let y = -1 - 0. Let h(i) = -2*i**3 + 1. Calculate h(y).
3
Let u(k) = -2*k**2 + k + 2. Suppose 5 = -x + 3. Suppose -5*w = -3 - 2. Let t be 2*w/(x - -1). Calculate u(t).
-8
Let w(x) = -8*x**3 + 27*x**2 - 2 - 26*x**2 - 2*x + 3. Calculate w(1).
-8
Let a(r) = r**2 - 4*r - 4. Suppose -f - 3 - 6 = 0. Let t = f + 10. Let z = t + 3. Calculate a(z).
-4
Suppose -2*a + 7*i - 10 = 4*i, 5*i - 15 = 5*a. Let u(d) = 63*d - 34*d - 28*d. Calculate u(a).
1
Let f = 62 + -69. Let c(y) = -y**2 - 8*y - 8. Give c(f).
-1
Let a(r) = -r**3 - 6*r**2 - 3*r + 6. Let p = 6 - -14. Suppose 3*k + 11 = 2*l + 2*k, 3*k = -15. Suppose -l*z - z = p. What is a(z)?
-4
Let x(i) = i**3 + 7*i**2 + 6*i. Suppose -2*b + 4*d - 14 - 10 = 0, 4*b - d = -27. Give x(b).
0
Let a(g) = -g**3 - 5*g**2 + 7*g + 8. Let u be a(-6). Suppose -7 = z - 4*i - u, 4*z - 20 = -4*i. Let o(y) = 5*y**z - y**2 - y - 6*y**3 + 0 - 5. What is o(0)?
-5
Let g be ((-17)/(-5) + -3)*10. Let d(q) = -q**3 + 4*q**2 + 2*q. Calculate d(g).
8
Let b(m) = -3*m - 24. Let u(s) = -2*s - 12. Let o(k) = -3*b(k) + 5*u(k). What is o(6)?
6
Let s = 9 + -6. Let o(r) be the third derivative of -r**6/120 + r**5/60 + r**4/8 + r**3/2 - 3*r**2. Determine o(s).
-6
Suppose 10*v - 24 = -4. Let l(b) = 0*b**2 - b**3 + 1 + 1 + 2*b**2. Calculate l(v).
2
Let a(n) = -n**3 + 3*n**2 + 4*n - 4. Let h = -2 - -6. Give a(h).
-4
Let u be ((-10)/(-3) - 3)*-9. Let r be u*-1*4/(-3). Let o(g) = g**3 + 3*g**2 - 5*g + 1. What is o(r)?
5
Let u be -2 + 4 + -1 + 2. Let k(z) = -2*z + 1. Let q be k(u). Let g = 10 + q. Let i(r) = 2*r - 6. What is i(g)?
4
Let x = -6 + 5. Let b be 1 + x + 0 - 2. Let l(p) = -2*p**2 - 9 - p**3 - 2*p + 6 + 5. Determine l(b).
6
Let j(b) = b**2 - 4. Let y be j(0). Let u = y + 0. Let z(i) = 6*i + 1 + 0 - 4*i. What is z(u)?
-7
Let p be (-10)/35 - (-60)/14. Suppose -a = -p + 7. Let f(z) = z**2 - 4*z - 4. Let u(h) = -2*h**2 + 7*h + 8. Let r(n) = -5*f(n) - 3*u(n). Determine r(a).
8
Let x(j) = 2*j**2 + 2*j**2 - j**2. Suppose -2*w + 12 = 3*h - h, 5*w - 9 = 2*h. Let b = w + -2. Calculate x(b).
3
Let t(m) = -m - 1. Let c(h) = -2 + 0 + 11*h - 28*h - 2. Let a(j) = c(j) - 3*t(j). Give a(1).
-15
Let g(p) = 2*p + 1. Suppose -3*l + 9 = -0*l. Let m(c) = -c**2 - 4*c + 4*c**3 + 4*c**2 + 5 + 2*c - 3*c**l. Let v be m(-4). Calculate g(v).
-5
Let s(y) = -y**3 - 5*y**2 + 6*y + 2. Let g be s(-6). Suppose -o - 14 = -3*o. Let z(l) = -o*l**3 - 2*l**3 + 2*l - 1 + l**3 + g*l**3. Calculate z(1).
-5
Let o(g) be the third derivative of g**5/60 + 5*g**4/24 - g**3/3 + 11*g**2. Calculate o(-6).
4
Let h(l) = 1 - l**2 - 3*l + 0*l + l - 3*l. Give h(-6).
-5
Let i(t) = -t - 1. Suppose 5*b - 16 - 4 = 0. Determine i(b).
-5
Let o(a) = 